igit of 1708876?
8
What is the tens digit of 279811?
1
What is the thousands digit of 900889?
0
What is the ten millions digit of 30703752?
3
What is the ten thousands digit of 178147?
7
What is the units digit of 569093?
3
What is the hundreds digit of 416297?
2
What is the thousands digit of 5593954?
3
What is the ten thousands digit of 3260771?
6
What is the ten thousands digit of 5163320?
6
What is the tens digit of 1357731?
3
What is the ten thousands digit of 142993?
4
What is the hundred thousands digit of 4633439?
6
What is the hundreds digit of 1638636?
6
What is the ten thousands digit of 17157581?
5
What is the millions digit of 12824979?
2
What is the thousands digit of 3405016?
5
What is the thousands digit of 297992?
7
What is the thousands digit of 16031966?
1
What is the hundred thousands digit of 564962?
5
What is the millions digit of 2294372?
2
What is the units digit of 6822369?
9
What is the hundreds digit of 1638833?
8
What is the tens digit of 2745575?
7
What is the ten thousands digit of 305531?
0
What is the hundred thousands digit of 178614?
1
What is the ten thousands digit of 1336264?
3
What is the ten millions digit of 22459494?
2
What is the ten thousands digit of 920065?
2
What is the tens digit of 2565233?
3
What is the thousands digit of 598608?
8
What is the hundreds digit of 73112?
1
What is the thousands digit of 101005?
1
What is the ten thousands digit of 400282?
0
What is the millions digit of 5996248?
5
What is the ten thousands digit of 125805?
2
What is the ten thousands digit of 241508?
4
What is the tens digit of 8925606?
0
What is the thousands digit of 235165?
5
What is the tens digit of 24306026?
2
What is the tens digit of 205664?
6
What is the hundred thousands digit of 2981278?
9
What is the millions digit of 12253284?
2
What is the tens digit of 18792190?
9
What is the units digit of 164702?
2
What is the tens digit of 170931?
3
What is the thousands digit of 390816?
0
What is the ten thousands digit of 2564906?
6
What is the units digit of 135880?
0
What is the hundred thousands digit of 1692337?
6
What is the hundreds digit of 457335?
3
What is the ten thousands digit of 220908?
2
What is the units digit of 264392?
2
What is the hundred thousands digit of 19564413?
5
What is the tens digit of 839586?
8
What is the tens digit of 715656?
5
What is the thousands digit of 417134?
7
What is the millions digit of 6371579?
6
What is the ten thousands digit of 595523?
9
What is the hundred thousands digit of 729767?
7
What is the thousands digit of 18985193?
5
What is the hundred thousands digit of 1738851?
7
What is the millions digit of 1484693?
1
What is the ten thousands digit of 3875714?
7
What is the hundreds digit of 5934817?
8
What is the millions digit of 21182776?
1
What is the units digit of 186217?
7
What is the ten thousands digit of 14417002?
1
What is the millions digit of 2199411?
2
What is the thousands digit of 655160?
5
What is the thousands digit of 741330?
1
What is the hundred thousands digit of 9324957?
3
What is the millions digit of 11858578?
1
What is the thousands digit of 4941219?
1
What is the hundred thousands digit of 755388?
7
What is the ten millions digit of 15364210?
1
What is the hundreds digit of 398486?
4
What is the units digit of 216739?
9
What is the thousands digit of 687557?
7
What is the ten thousands digit of 47699?
4
What is the thousands digit of 2027109?
7
What is the thousands digit of 180186?
0
What is the hundreds digit of 1697872?
8
What is the tens digit of 90885?
8
What is the millions digit of 23579013?
3
What is the thousands digit of 214826?
4
What is the tens digit of 42954?
5
What is the hundred thousands digit of 11221167?
2
What is the ten thousands digit of 352270?
5
What is the thousands digit of 8385051?
5
What is the hundreds digit of 38046?
0
What is the units digit of 163043?
3
What is the hundreds digit of 52842?
8
What is the tens digit of 229791?
9
What is the thousands digit of 176380?
6
What is the ten thousands digit of 1573739?
7
What is the tens digit of 2777454?
5
What is the ten thousands digit of 3094581?
9
What is the hundreds digit of 1492418?
4
What is the units digit of 1778868?
8
What is the tens digit of 805965?
6
What is the thousands digit of 131555?
1
What is the tens digit of 1576757?
5
What is the tens digit of 2432899?
9
What is the tens digit of 510320?
2
What is the millions digit of 1377957?
1
What is the hundreds digit of 1269?
2
What is the units digit of 9675271?
1
What is the ten thousands digit of 647336?
4
What is the hundreds digit of 2060194?
1
What is the tens digit of 19807?
0
What is the tens digit of 1055721?
2
What is the hundreds digit of 868948?
9
What is the millions digit of 5324343?
5
What is the thousands digit of 2025565?
5
What is the units digit of 61484?
4
What is the thousands digit of 109587?
9
What is the thousands digit of 329189?
9
What is the units digit of 24178119?
9
What is the hundreds digit of 12999033?
0
What is the ten thousands digit of 620626?
2
What is the thousands digit of 301943?
1
What is the hundred thousands digit of 1408474?
4
What is the tens digit of 16519?
1
What is the millions digit of 1699914?
1
What is the hundreds digit of 2223248?
2
What is the thousands digit of 1498973?
8
What is the tens digit of 3239266?
6
What is the tens digit of 3944903?
0
What is the units digit of 35260?
0
What is the tens digit of 977985?
8
What is the millions digit of 3585098?
3
What is the units digit of 52182?
2
What is the tens digit of 199603?
0
What is the ten thousands digit of 353074?
5
What is the tens digit of 378260?
6
What is the millions digit of 1490828?
1
What is the tens digit of 21948?
4
What is the hundred thousands digit of 399337?
3
What is the tens digit of 4068?
6
What is the hundred thousands digit of 1388480?
3
What is the units digit of 8756075?
5
What is the millions digit of 2870401?
2
What is the millions digit of 2454230?
2
What is the hundred thousands digit of 4597652?
5
What is the hundreds digit of 176680?
6
What is the units digit of 2534627?
7
What is the hundred thousands digit of 108794?
1
What is the hundred thousands digit of 286976?
2
What is the thousands digit of 37334?
7
What is the hundreds digit of 117592?
5
What is the hundred thousands digit of 1563030?
5
What is the thousands digit of 131105?
1
What is the hundred thousands digit of 6212463?
2
What is the hundreds digit of 394777?
7
What is the millions digit of 2652920?
2
What is the millions digit of 2761131?
2
What is the hundred thousands digit of 310422?
3
What is the thousands digit of 5274784?
4
What is the units digit of 4035503?
3
What is the tens digit of 52376?
7
What is the thousands digit of 4795112?
5
What is the tens digit of 633428?
2
What is the hundred thousands digit of 129552?
1
What is the tens digit of 15443355?
5
What is the thousands digit of 2486895?
6
What is the units digit of 295718?
8
What is the hundred thousands digit of 685999?
6
What is the tens digit of 123745?
4
What is the units digit of 1206172?
2
What is the units digit of 4628611?
1
What is the hundred thousands digit of 786669?
7
What is the hundred thousands digit of 960745?
9
What is the tens digit of 10326632?
3
What is the units digit of 4773542?
2
What is the hundred thousands digit of 762388?
7
What is the ten thousands digit of 5029443?
2
What is the tens digit of 339627?
2
What is the hundreds digit of 96876?
8
What is the units digit of 1202663?
3
What is the units digit of 6971700?
0
What is the hundreds digit of 1765410?
4
What is the thousands digit of 1198966?
8
What is the units digit of 45791?
1
What is the ten thousands digit of 3732656?
3
What is the thousands digit of 20829689?
9
What is the units digit of 9056030?
0
What is the units digit of 10484814?
4
What is the hundred thousands digit of 520012?
5
What is the hundred thousands digit of 2663060?
6
What is the ten thousands digit of 269215?
6
What is the thousands digit of 238219?
8
What is the tens digit of 2759056?
5
What is the hundreds digit of 2327328?
3
What is the hundreds digit of 298305?
3
What is the units digit of 4221269?
9
What is the ten thousands digit of 1125529?
2
What is the thousands digit of 58